pose 3*n - 8 = -4*x, 14 + 1 = 5*n + 5*x. What is the greatest common factor of p and n?
4
Let h = -332 + 337. What is the highest common divisor of h and 9?
1
Let p(r) = -168*r**3 + r**2 - 4*r - 6. Let t be p(-2). Calculate the greatest common factor of t and 18.
18
Suppose -61 = -4*x + k, -5*k = 7*x - 8*x + 39. What is the highest common divisor of 658 and x?
14
Let p be 0/(-3 + 1)*-1. Suppose p = 3*k - 65 - 100. Let c = 77 - k. Calculate the highest common divisor of 2 and c.
2
Let v be 1/3*180/5. Suppose -5*g + g = -40. Suppose 8 = 4*j - r, -3*r + g = 2*j + 3*j. Calculate the highest common divisor of j and v.
2
Suppose -4*h + 16 = -4*a, -3*a + 2*h = -2*h + 13. Let j be 15 + -2 - 3 - a. Let u be (3/(-1) - -4)*j. Calculate the greatest common factor of u and 13.
13
Suppose -13*c = -18*c + 40. Suppose -4*t + 232 = -56. Calculate the highest common factor of c and t.
8
Let a be 558/8 + (-33)/44. Suppose 7*d - 2*d + 3*y - 141 = 0, -2*d = -3*y - a. Calculate the highest common divisor of d and 60.
30
Let p = -686 - -1022. What is the highest common factor of p and 144?
48
Suppose 4*b - 4*k = -4, 7*b - 2*k = 2*b - 8. Let p be (b - (-4)/4)*-9. Calculate the highest common divisor of p and 9.
9
Suppose -y = y + 32. Let f = y + 30. What is the greatest common divisor of 154 and f?
14
Let p = 189 - 157. What is the highest common divisor of p and 416?
32
Suppose -2*h + 12 = -a + 96, 4*a - 3*h - 346 = 0. Calculate the highest common divisor of 11 and a.
11
Let q = 65 - 62. Let d be (-4)/6*-153 - q. What is the greatest common factor of d and 9?
9
Let y be ((-62)/3)/((-2)/3). Suppose -y*m + 32*m = 11. Calculate the highest common divisor of 66 and m.
11
Let d be (-6)/(-15) + (-292)/(-20). Let p be (1 - (-2 - -2)) + 1. Suppose 11 = c - p*y, 5*c + y - 5 = 2*c. Calculate the highest common divisor of c and d.
3
Suppose 6*x - 268 = 704. Suppose 72 + x = 9*y. What is the greatest common divisor of 13 and y?
13
Let y(r) = r**3 - r + 16. Let j be y(0). Let l(t) = -t**3 - 4*t**2 - 6*t - 7. Let m = -38 + 33. Let f be l(m). Calculate the highest common divisor of j and f.
16
Suppose -4*m - 55 = 5. Let l = m + 20. Suppose l*z = u, 0*z - 2*u + 5 = -5*z. What is the highest common divisor of z and 5?
1
Let f(x) = 8*x**2 + 21*x + 45. Let k be f(-2). Calculate the greatest common divisor of k and 35.
35
Let r(v) = v + 25*v**2 + 37*v**2 + 6*v**2. Let c be r(1). What is the highest common divisor of c and 46?
23
Let k be (3/(18/8))/((-48)/(-864)). What is the greatest common factor of k and 18?
6
Let d = -25 + 30. Suppose 27 = u - d. Calculate the highest common factor of u and 8.
8
Suppose -224 = z + 7*z. Let v = z + 83. What is the highest common divisor of v and 22?
11
Suppose 5*j + 5*o = 0, -4*j - 18 = -j - 3*o. Let b be 5/(-15) - j/9. Suppose q - 15 - 3 = b. What is the greatest common divisor of 6 and q?
6
Suppose 6*u - 5 = -5*a + u, 0 = 2*a + u - 1. Let h be 12 + a + (-22)/22. What is the highest common divisor of h and 55?
11
Let u be (0 - 0)/(-3) + 2 + 544. Suppose k = 7*k - u. Calculate the greatest common factor of k and 13.
13
Let f be -27*(-8)/(-6)*247/(-38). Calculate the greatest common factor of 18 and f.
18
Let y = -14 - -37. Let x(w) = w**3 + 9*w**2 - 11*w - 14. Let k be x(-7). What is the greatest common divisor of k and y?
23
Let h(d) = -8*d**3 - 2*d - 1. Let c be -4*((-3)/4)/(-3). Let u be h(c). What is the greatest common divisor of 18 and u?
9
Let y be 10/4 + 1/2. Suppose y*s = 3, 5*s - 6 - 7 = -4*z. Let p be (15/(-6))/(z/(-20)). What is the greatest common divisor of 5 and p?
5
Let h(g) = g**3 + 6*g**2 + 2*g - 5. Let b be h(-5). What is the highest common divisor of 70 and b?
10
Suppose -w - 3*p + 104 = 0, 5*p - 35 + 45 = 0. Calculate the greatest common divisor of 66 and w.
22
Let v = 46 + -4. Calculate the greatest common divisor of v and 189.
21
Let f = -1537 + 2066. Calculate the greatest common divisor of f and 23.
23
Let m be (84/48)/((-4)/(-32)). What is the greatest common divisor of m and 42?
14
Let g = 297 - 280. Suppose k - 2*k = 0. Suppose k = t - 5*z - g, t = -t - 3*z - 5. Calculate the greatest common factor of 22 and t.
2
Let y be -3 + 16 - 8/(-4). Calculate the greatest common divisor of 5 and y.
5
Suppose 3*a = p + 3*p + 2096, p - 4 = 0. Calculate the greatest common factor of a and 11.
11
Suppose 6 = -0*l + l. Let q = 2287 + -2257. Calculate the greatest common divisor of q and l.
6
Let x be (128/3)/(-2)*-6. Let n be (-30)/20*x/(-2). What is the highest common factor of 12 and n?
12
Let j(z) = z**2 + 2*z - 6. Let n be j(-3). Let f = 23 + n. Calculate the greatest common divisor of 8 and f.
4
Let m(q) = q**3 + 18*q**2 + 15*q - 15. Let i be m(-17). Let k = -32 + i. Let c = 20 + k. What is the greatest common factor of 63 and c?
7
Let j = -11 + 41. Let f = -84 - -90. Calculate the greatest common factor of f and j.
6
Let u be ((-528)/(-40))/(4/10). Let x be -2 + -1 - -3*u. Calculate the highest common divisor of 12 and x.
12
Suppose 2*z - 5*k = 10, 0*z - 25 = -5*z - 4*k. Let q(x) = 31*x - 3. Let r be q(z). Let c = 3 + 16. Calculate the greatest common divisor of r and c.
19
Suppose -5*r + 58 = 4*i + 21, 5*r = -i + 28. Let t be (-1)/2 - (-291)/2. What is the greatest common factor of r and t?
5
Let a = 610 + -550. Calculate the highest common factor of a and 45.
15
Let q(p) be the second derivative of -p**3/6 - p**2/2 + 21*p. Let d be q(-10). Calculate the highest common factor of d and 54.
9
Let k = 33 + 215. Calculate the highest common factor of k and 16.
8
Let j be ((-3)/(-2))/(3/42). Let t = -4 + 9. Suppose 30 = t*i - 5. Calculate the greatest common factor of j and i.
7
Let h = 836 + -828. What is the greatest common factor of 26 and h?
2
Suppose 3*y + 15 = 4*r, y - 3 = -2*r - 2*y. Suppose t - 13 = r. Let c = -52 - -132. What is the highest common factor of t and c?
16
Let k = -2160 + 2244. Suppose 0 = -f + 6. Calculate the greatest common factor of k and f.
6
Suppose 3*p = 5*p - 10. Suppose 0 = f - 0*f. Suppose 2*h + 5*m - 70 = 0, 5*h + 4*m - 192 = -f*m. Calculate the greatest common factor of h and p.
5
Let m = 663 - 643. What is the highest common divisor of 90 and m?
10
Let k = -68 + 37. Let x be 1 + (4 - k) - 0. Calculate the greatest common divisor of x and 27.
9
Let v(t) = -t**2 + 2*t + 4. Suppose -16 = -3*r - 5*p, 6 = 3*r + 3*p - 18. Suppose 4*q - r = -0. Let n be v(q). Calculate the greatest common factor of n and 9.
1
Suppose 4 = 5*t - 21. Suppose -o + t*o = 260. What is the greatest common divisor of o and 26?
13
Let z(c) = 42*c - 18. Let w(g) = g - 1. Let o(n) = 24*w(n) - z(n). Let s be o(-12). What is the highest common factor of s and 15?
15
Let v(l) = -l**3 + 8*l**2 + 5*l - 25. Suppose 0 = 3*z + q - 18, -3*z - 2*q + 2 = -16. Let w be v(z). What is the greatest common factor of w and 11?
11
Suppose 0 = u - 2*m - 54, 3*u = -5*m + 4*m + 155. Let o = 90 - -40. Calculate the highest common factor of o and u.
26
Let i be ((-24)/(-132))/((-2)/(-22)). Suppose 0 = -i*a - b - 2*b + 141, -b - 1 = 0. Let l be (0 - 5)*(-24)/5. Calculate the greatest common divisor of l and a.
24
Let h = 1824 + -3312. Let r be 8/(-52) - h/39. What is the highest common divisor of 19 and r?
19
Suppose 2*a - 4*n - 496 = 348, 0 = 5*n - 5. What is the highest common factor of a and 53?
53
Let r be -2 + (9 - 9) - (0 - 30). What is the greatest common factor of r and 49?
7
Suppose 0 = -4*d - 10 + 46. Suppose 3*g = -5*p + 90, -4*p + 105 = 2*g + 33. Calculate the greatest common factor of d and p.
9
Let g be (-27)/(-36)*8/3. Suppose 85 = -g*t + 7*t. Calculate the highest common divisor of t and 119.
17
Suppose -22*u = -26*u + 8, 4*x + 3*u - 22 = 0. Let h = -2 + -1. Let n be 6/x*(-304)/h. What is the greatest common factor of n and 19?
19
Suppose 8*a + 14 = 110. Let p = 3 + 0. Let x = p - -129. Calculate the highest common divisor of x and a.
12
Let o be -18 + 25 - (-8)/((-8)/(-651)). What is the greatest common divisor of 7 and o?
7
Suppose 9*g - 3*g - 564 = 0. What is the greatest common factor of g and 658?
94
Let n(z) = -z**3 - 25*z**2 - 2*z - 39. Let m be n(-25). Suppose m*y - 3*y = 320. What is the greatest common divisor of y and 10?
10
Suppose -4*k + 70 = -70. Let f = 49 - k. What is the highest common factor of f and 7?
7
Suppose -8 = 2